lculate the highest common factor of b and 1408.
22
Let l(y) = -6 + 34*y - 102*y**2 - 2 - 13 + 92*y**2 + y**3. Let x be l(6). Calculate the highest common factor of x and 338.
13
Let l(c) = -2*c**2 + 26*c + 639. Let j be l(-12). Calculate the highest common factor of 41496 and j.
39
Let f = 80161 + -36499. Suppose 46*t - f = 912. Calculate the highest common divisor of t and 51.
51
Suppose 2566*q - 2527*q - 31941 = 0. Calculate the greatest common divisor of q and 252.
63
Let x = -5866 - -6398. Calculate the highest common divisor of x and 1463.
133
Let x be (52/(-4) - 5)*(-7)/(-14). Suppose 5*u = -270 - 300. Let f be (u/9)/(2/x). Calculate the greatest common divisor of 19 and f.
19
Suppose -4*n - 2802 = 4*d - 7*n, 3*n + 2814 = -4*d. Let i = -688 - d. What is the highest common divisor of i and 16?
2
Let w = 1769 - 1209. Calculate the greatest common factor of w and 1260.
140
Let z be 146/(-8)*(4 + 0/(-2)). Let o = 86 + z. Let i be 710/5 + -1 + 2. What is the greatest common divisor of i and o?
13
Suppose -2*v + 221 = 5*j, 0 = -19*j + 16*j + 2*v + 107. Let n be 4/(-6) + 14276/12. Calculate the greatest common factor of j and n.
41
Let f = 1549 + 883. Calculate the highest common divisor of f and 76.
76
Let q(g) = 271*g + 4374. Let i be q(-14). What is the highest common factor of 310 and i?
10
Suppose -3*o - 2*g - 4733 = -4859, -o + 4*g = -42. Suppose 4*y = 306 - 54. What is the highest common divisor of o and y?
21
Suppose -301*q + 229*q + 10080 = 0. What is the highest common factor of 2576 and q?
28
Let l = 145 + -133. Suppose -l*i - 4*i = -496. What is the highest common factor of i and 465?
31
Let n = -29 + 59. Let i(q) = -4*q - 9. Let s(o) = 4*o + 11. Let p(k) = -5*i(k) - 6*s(k). Let d be p(-24). What is the highest common factor of n and d?
15
Suppose -2*j = -12*l + 13*l - 654, -639 = -l + j. What is the highest common factor of 84 and l?
28
Suppose 3*w - 2*v - 154 = 0, w - 66 = -v - 2*v. Let z be (w/(-21))/(3/(-21)). Let u = 132 - 130. Calculate the greatest common divisor of z and u.
2
Let i = 14623 - 14480. Calculate the highest common factor of i and 2761.
11
Let t(u) = u**3 + 5*u**2 - 2*u - 20. Let i be t(-7). Let v be (-70)/14 - (i - 0). Let b = 27 + -18. Calculate the highest common divisor of b and v.
9
Suppose -6*b + 5*b = -16. Let p be -12*(-16)/(-120)*(0 + -8)*5. What is the highest common divisor of p and b?
16
Suppose -130*p = -56*p - 449550. Calculate the greatest common factor of 90 and p.
45
Let g(l) = 20*l - 11. Let h(o) = o. Let k be (6/(-5))/(5/(150/9)). Let v(j) = k*h(j) + g(j). Let t be v(2). What is the highest common divisor of t and 7?
7
Suppose -3*w + 135 = 120. Calculate the greatest common factor of 67 and w.
1
Let d be -190*(-18 - (-210)/20). What is the highest common divisor of d and 50?
25
Let f = 239 - 156. Let g = f - -51. Let v = -50 + g. What is the highest common divisor of v and 21?
21
Let i be (3144/6)/(-2)*(-10 + 8). Calculate the greatest common divisor of 4 and i.
4
Let j be (-594)/(-66) - (-3833 + (-5 - -9)). Calculate the greatest common factor of 114 and j.
38
Let q = 17476 - 17286. Let n(c) = c**2 + 10. Let p be n(0). Calculate the highest common divisor of p and q.
10
Let o = 19 - -1. Suppose 3*w + 2*m - 20 = 0, -o = -4*w + 2*w - 3*m. Let q be 17/w - (-2)/(-8). What is the greatest common factor of q and 20?
4
Suppose 3*u + 2*c = 125, -5*c - 56 = 3*u - 193. Let r be (3/9)/(27/1053). Calculate the greatest common divisor of r and u.
13
Suppose -l + 8*u - 5*u = -4101, 3*u + 8187 = 2*l. Calculate the greatest common factor of 72 and l.
18
Let i = 287 - 278. Suppose -i*h + 3*f = -13*h + 2346, 3*h - 4*f - 1747 = 0. Calculate the highest common factor of h and 65.
65
Suppose r - 59 = -4*w, 0 = 4*r + 38*w - 41*w - 312. What is the highest common factor of 17025 and r?
75
Suppose -99 = 2*c - 105. Suppose 0 = 2*q - 17*v + 15*v - 58, -q + c*v + 33 = 0. What is the greatest common factor of 351 and q?
27
Suppose 151*x - 160 = 80*x + 69*x. Calculate the greatest common factor of 8080 and x.
80
Let j(m) = 16 + 19*m - 28*m + 10. Let q(i) = -18*i + 53. Let g(v) = 5*j(v) - 3*q(v). Let z be g(5). What is the greatest common factor of 24 and z?
8
Let m = -8 + 53. Let b = -520 + 295. Let w = b + 228. Calculate the greatest common divisor of w and m.
3
Suppose 6 = 3*i - 3*y - 1281, 858 = 2*i - y. Let d = -8162 + 8201. What is the greatest common factor of i and d?
39
Suppose 0 = -9*c + 11*c, -5*y + 240 = c. Calculate the highest common factor of y and 880.
16
Suppose 0 = -3*z + 8 + 28. Let r be 101/9 - z/54. Suppose -2*d - 381 = -4*k + d, -4*d = -k + 79. What is the highest common divisor of k and r?
11
Let w = 5805 - 5727. What is the highest common factor of w and 312?
78
Suppose -12*i = -130 - 722. Let p = -34 + i. What is the greatest common divisor of p and 925?
37
Let c be (1/3*2)/((-8)/204). Let x(d) = -d - 1. Let g(k) = k + 24. Let n(o) = g(o) + 2*x(o). Let r be n(c). What is the greatest common divisor of 78 and r?
39
Suppose 0 = -48*c + 6184 - 376. Suppose 13*j = 19*j - 66. Calculate the highest common factor of j and c.
11
Let p(t) = 313*t + 421. Let k be p(-1). What is the greatest common divisor of k and 159?
3
Suppose -30*b + 156 + 1344 = 0. Let t be (-10)/8*60/(-2)*2. What is the greatest common divisor of t and b?
25
Let a = -21584 - -21612. Calculate the greatest common factor of a and 36988.
28
Let k be 36*((-121)/11 - -29). Calculate the greatest common factor of k and 32.
8
Suppose -40*i - 1849 = -8449. Calculate the highest common divisor of 930 and i.
15
Let c = -60 + 87. Let k(z) = -2*z**2 - 10*z. Let a be k(-5). Suppose -12*v + 569 + 2023 = a. What is the greatest common divisor of v and c?
27
Let j be 588/8 + 20/((-760)/(-57)). Calculate the highest common divisor of 3615 and j.
15
Let u = 6 - 2. Suppose 145*k + 350 = 195*k. Suppose -k*x + u*x = -12. Calculate the greatest common divisor of x and 32.
4
Let g be 10/(-7)*1214136/(-3285). Calculate the highest common divisor of g and 156.
12
Let o = 644 + -443. Suppose d = 4*d - 9. What is the greatest common divisor of d and o?
3
Let x be -2 + 51 + -4 + 3. Let c = 50 - 47. Suppose -s = -2*h + c*s + 28, 3*h - 5*s = 38. Calculate the greatest common divisor of x and h.
6
Suppose -4*a - 6*a = -1110. Suppose -4*t - 5*r - 27 = -a, 4*t - 2*r = 84. Let i be 4/7 + 1983/t. Calculate the greatest common factor of i and 38.
19
Suppose 3*r = -b + 192, -b = 3*r + b - 192. Let z = 125 + r. Suppose -108 = -2*f - w, 4*f + 4*w - 35 = z. What is the greatest common divisor of f and 13?
13
Let t be (-110 - 0/1)*4/(-8). Suppose -61*j + 690 = -t*j. Calculate the highest common divisor of j and 184.
23
Let o be (16/7)/(10/(-70)*-2). Let g be 548/o + -4 - (-9)/(-18). Calculate the highest common divisor of g and 448.
64
Let u(k) = k**3 - 121*k**2 - 1312*k + 263. Let v be u(131). Let b be 2/(1 + 5/(-7)). Suppose b*r - 3*r = 8. Calculate the greatest common factor of r and v.
1
Suppose 2*u + 24 = 6*u. Calculate the highest common factor of 906 and u.
6
Suppose -470 = -10*i + 2010. What is the highest common factor of i and 64?
8
Let n(d) = 77*d**3 + 13*d**2 + 9*d - 170. Let r be n(5). Calculate the greatest common factor of r and 225.
75
Let d = -17461 + 18335. What is the greatest common divisor of 551 and d?
19
Let q = -33661 + 33811. Calculate the highest common divisor of q and 73200.
150
Suppose 0 = -3*n - p + 6 + 21, -2*n + 18 = -4*p. Let m be 114 - (315/(-7))/n. Calculate the greatest common divisor of m and 136.
17
Let b(i) = i + 261. Let f be b(-76). Calculate the greatest common divisor of 65 and f.
5
Let m = 1547 - 1411. Calculate the highest common divisor of m and 2108.
68
Suppose 3*d + 5*q = -2364, 4*d - 9*d - 2*q = 3921. Let n = 801 + d. What is the greatest common divisor of 138 and n?
6
Let c = 874 - 559. Let t = -315 + 318. Suppose -4*p = -8, t*a - 3*p = 129 - 30. Calculate the highest common divisor of a and c.
35
Suppose -5*n + n = 224. Let t(u) = -7*u**3 - 9*u**2 + 16*u - 3. Let w be t(2). Let b = n - w. Calculate the greatest common divisor of b and 21.
7
Let g be 1*(-5 + -1 - -4 - -10). Suppose -g*l - 432 = -17*l. Calculate the greatest common factor of l and 352.
16
Let x(a) = 1 - 3*a - 5*a + 5*a + 4*a. Let b be x(13). What is the gr